at is the greatest common divisor of l and 6?
6
Let w(o) = -o**3 - 7*o**2 + 8*o + 2. Let r be w(-8). Suppose 4*u - 68 = -0*n - r*n, -u = 4*n - 108. What is the highest common factor of 13 and n?
13
Let i = -5 + 16. Let h(x) = -13*x - 9. Let z(l) = -l - 1. Let c(w) = h(w) - 6*z(w). Let p be c(-2). Calculate the greatest common divisor of p and i.
11
Let w = 85 - 81. Calculate the greatest common factor of 1 and w.
1
Let x = -228 + 68. Let a = x + 279. Calculate the greatest common divisor of a and 17.
17
Let t = 18 + -6. Let x(d) = d**3 - d**2 + d + 96. Let a be x(0). Calculate the highest common divisor of t and a.
12
Suppose -3*w - 224 = -584. Calculate the highest common factor of 48 and w.
24
Let u be 6/(-14) - 482/(-14). Calculate the highest common divisor of u and 68.
34
Let w be ((-1)/(-2))/(9/108). Suppose 8 = w*a - 2*a. Suppose 0 = a*j - 2*m - 12, 4*j - 2*m + 6*m + 16 = 0. What is the highest common divisor of 3 and j?
1
Let q be (29 + -1)/((-6)/(-6)). Let z = q - 18. What is the highest common divisor of z and 2?
2
Suppose -4*m - 3 = -5*a, 2*a - 6*a = -m + 2. Let w be ((-49)/21)/(a/3). What is the highest common factor of w and 77?
7
Let q = 44 - 23. Suppose -2*r = -k + 10, 2*k - 3*r + 0*r = q. What is the greatest common divisor of 72 and k?
12
Let i = 24 + -41. Let v = -7 - i. Calculate the greatest common factor of v and 80.
10
Suppose 13 = 5*h - 182. Calculate the highest common divisor of h and 52.
13
Suppose -2*u + 3*u = -21. Let x = u - -46. Calculate the greatest common factor of 275 and x.
25
Suppose 3*l + y = 3*y + 4, -l = -2*y. Let m be (5/l - 0)*2. Suppose 0 = n - 4*c - 18, 3*n - m*c = 15 + 11. Calculate the highest common factor of 6 and n.
2
Let l(v) = v**3 + 2*v**2 + 5. Let n be l(0). What is the greatest common divisor of n and 35?
5
Let h(p) = p**3 + 7*p**2 + p - 3. Let l be h(-6). Let k(g) = -4*g**3 - 1. Let s be k(-1). What is the greatest common factor of l and s?
3
Suppose -4*k - 3 = -5*h - 0, k - h = 0. Suppose k*u = 5*i - 30, -3*i + 14 = -4*u - 15. Calculate the greatest common divisor of 3 and i.
3
Suppose -60 = -3*i + i. Suppose -2*o - o + a - 28 = 0, -3*a = 5*o + 42. Let n = 19 + o. Calculate the greatest common divisor of i and n.
10
Suppose n = 5*n - 76. Let b = 40 - n. Let p(x) = -x**2 - 7*x + 7. Let s be p(-7). What is the highest common factor of b and s?
7
Let o be 10/(-2*(-2)/4). Suppose 5 = -5*m + 10*m. Suppose 7 = 2*i - m. Calculate the highest common divisor of i and o.
2
Let m be 251/4 - 3/(-12). Let n = m + -10. Suppose -4*b = -3*x + n, 3*x - 19 = -x - 5*b. Calculate the highest common factor of 1 and x.
1
Let j(z) = 12*z + 2. Let u be j(1). What is the highest common factor of 154 and u?
14
Let u = -5 - 5. Let d = 11 + u. Let a(w) = w**3 - w**2 + 2*w + 1. Let p be a(2). What is the greatest common divisor of p and d?
1
Suppose -379 = -7*p + 41. What is the highest common factor of p and 90?
30
Let o(h) = -2*h + 11. Let n be o(-8). Calculate the greatest common divisor of 3 and n.
3
Let u be (-70)/(-8) - 3/(-12). Let k(s) = 8*s - 12. Let y be k(u). Suppose y = 6*d - d. Calculate the greatest common factor of 36 and d.
12
Suppose -2*d + 8 - 2 = 0. Suppose 7*j - 9 = 6*j. What is the greatest common factor of j and d?
3
Let w = 7 + -6. Let d be (-2 - -1) + w*7. Calculate the greatest common factor of d and 12.
6
Suppose -5*d = -d + 228. Let f = d - -105. What is the greatest common divisor of 16 and f?
16
Let n(o) = -2*o + 2*o + 2*o. Let x be n(5). What is the highest common divisor of x and 4?
2
Suppose f + 3*h - 23 = 0, -h = 6*f - 3*f - 77. Calculate the highest common divisor of f and 39.
13
Let b be -1 - (-1 + 0 + -4). Let m = 23 + -24. Let t be (-6)/((2/b)/m). What is the greatest common factor of t and 12?
12
Let u be 33*3*-2*1/(-3). Calculate the highest common divisor of u and 22.
22
Suppose 0 = -2*n + 132 + 22. Suppose 5*g - 55 = -4*w, -4*g + w = 4*w - 44. What is the highest common factor of n and g?
11
Suppose -2*h + 13 + 11 = 0. Let y = -3 - -6. Suppose 31 = y*o - 77. Calculate the greatest common divisor of o and h.
12
Let k = -41 - -55. Suppose 3*n - 2*q - 52 = -4*q, 3*n = q + 37. What is the highest common divisor of k and n?
14
Suppose 5*c + 22 = 2. Let k be ((-13)/c)/(3/24). What is the highest common factor of 39 and k?
13
Let f(t) = -t**2 + 11*t - 20. Let s be f(8). Let h(j) = -2*j**3 - 4*j**2 - 3*j + 1. Let a be h(-3). Calculate the highest common factor of a and s.
4
Suppose -m - 1 + 2 = 0. Suppose -3 = 5*z - 23. Suppose -j = z, -3*q - j + 32 = 12. Calculate the highest common divisor of q and m.
1
Let p = 123 - 116. What is the highest common divisor of 56 and p?
7
Let d(y) = -y**3 + y**2 + 4*y + 5. Let o be d(-2). Let c be 4/(-6) - 220/(-6). What is the greatest common factor of c and o?
9
Suppose -1 = -4*d - o - 5, -4 = -o. Let t(k) = -k**2 - 3*k**3 + 2*k**3 - k**3. Let z be t(d). Calculate the highest common divisor of 12 and z.
12
Suppose 6 + 0 = k. Let q(o) = o**3 - 4*o**2 - 9*o + 3. Let f be q(k). Calculate the greatest common factor of 21 and f.
21
Suppose 6 = d - y, 5*d - 2*y - y - 24 = 0. What is the greatest common divisor of 15 and d?
3
Let y(q) = 7*q - 1. Let b be y(1). Suppose -2*l + l + b = 0. Let v be (2 + (-8)/6)*l. What is the highest common divisor of v and 2?
2
Suppose 4*v = -5*x + 61 + 20, 5*v + x = 75. Suppose 2*q = -5 + 13. Suppose 4*g = -q, -3*g - g = -z + 6. Calculate the greatest common factor of v and z.
2
Let w(l) = -l**2 + 4*l - 4. Let q be w(3). Let n be (48/9)/(q/(-3)). Let s be (6/(-5))/(15/(-50)). What is the highest common factor of n and s?
4
Let l(n) = 3*n**3 + 4*n**2 - 5*n + 2. Let s(h) = 2*h**2 - h. Let w be s(1). Let j = w - -2. Let y be l(j). Calculate the highest common divisor of 13 and y.
13
Let f = 11 - 7. Suppose -100 = -d - f. Calculate the greatest common divisor of d and 12.
12
Suppose 2*u + 48 = -0. Let m = -13 - u. Calculate the greatest common factor of 77 and m.
11
Let y(u) = u**2 - u + 3. Let m be y(0). Suppose -8*k + 3*k + 75 = 0. Suppose 0 = 2*v + 3*v - k. What is the greatest common factor of m and v?
3
Let c be (-1)/(-3) + 4/6. Let b be c/(-1*2/(-66)). Let q(m) = m**3 + 3*m**2 + 3. Let o be q(-3). What is the greatest common divisor of b and o?
3
Let x be 4/(-8) - 466/(-4). What is the highest common factor of x and 29?
29
Suppose -12 = -3*v + 5*l, 5*l = 2*v + 2*l - 8. What is the greatest common factor of v and 20?
4
Suppose 23 = 5*a - 97. Calculate the highest common divisor of 3 and a.
3
Suppose -5*n = -403 - 752. What is the greatest common factor of n and 21?
21
Let y = 28 - 1. Let z be 48/(-10)*(-90)/y. What is the greatest common factor of 24 and z?
8
Suppose -2*t + 11 = -3. Suppose -3*h - 4*m = -6*m - 78, 4*m - 12 = 0. Calculate the highest common divisor of h and t.
7
Suppose -9*y = -4*y - 60. Let j(d) be the first derivative of -d**3/3 + 3*d**2 + 7*d - 2. Let k be j(5). Calculate the greatest common divisor of y and k.
12
Let w = 7 + -1. Suppose w = 3*f - f. Suppose 5 = -f*l + 20. What is the highest common divisor of l and 40?
5
Let o be ((-23)/(-2))/(2/8). Suppose -275 = -4*z + q, 2*z + 3*q - 7*q - 134 = 0. What is the highest common divisor of o and z?
23
Let n = 59 + -41. Calculate the highest common factor of n and 2.
2
Let u = 26 - 13. Let t = 139 + -48. Calculate the highest common factor of u and t.
13
Let p(j) = j**3 - 6*j**2 - 8*j + 9. Let s be p(7). Suppose -s*m + 0*m - 16 = -2*l, m + 23 = 4*l. What is the highest common factor of 5 and l?
5
Suppose 51 = c - 0*c. Let p = -27 + c. Calculate the greatest common divisor of p and 216.
24
Suppose -10*t + 8*t = -4. Calculate the greatest common factor of 5 and t.
1
Suppose o = -2*o + 18. Let z be 2/o + (-430)/(-6). Calculate the highest common factor of 24 and z.
24
Suppose -4*u + 20 = 4. Suppose 5*t + 0*b - 5 = b, 3*t - 5*b = -19. Calculate the greatest common divisor of t and u.
2
Let y(v) = -v**3 + 6*v**2 + 3*v. Let s be y(5). Suppose 0*t = 3*t - 2*f - s, -24 = -2*t + 2*f. Calculate the highest common factor of t and 40.
8
Let j be 4 + (1 + -3)/(-2). Suppose 0 = j*t - 9 - 6. Suppose 2*l + 3*i - 6*i = 35, -t*l - 3*i = -45. Calculate the greatest common divisor of l and 144.
16
Let i(j) = -10*j - 38. Let t be i(-17). Suppose 8*z - 12 = 4*z. Suppose z*r